 the greatest common factor of h and k.
2
Let u = 2401 + -2392. What is the highest common factor of 927 and u?
9
Let s(b) = -b**3 + 23*b**2 + 3*b - 34. Let u be s(23). Calculate the greatest common divisor of u and 45.
5
Let u be (-8)/(-36) - (-208)/36. Suppose 0 = 2*x + 2*n - u*n, -x + 4 = -n. What is the greatest common divisor of x and 16?
8
Let m be ((-2)/4 - 2)*-2. Suppose 17 = -a - 4*a + 3*d, -2*d = 3*a - m. Let r be a + 3 + (-2 - -6). What is the greatest common divisor of 54 and r?
6
Suppose -s - s + 320 = 0. Let w be 59 - ((-3)/((-6)/8) - 9). Calculate the highest common divisor of w and s.
32
Let w(l) be the second derivative of -l**3/6 + 4*l**2 - 9*l. Let c be w(10). Let d be (c + 4)*(-16)/(-1). Calculate the greatest common divisor of 128 and d.
32
Let y = -83 - -72. Suppose 3*f - 27 = -111. Let p = y - f. What is the highest common factor of 153 and p?
17
Suppose -4*w - 4*h + 4 = 0, 3*w - 2*h = 7 + 1. Suppose x = -w*x + 24. Let a be 2/(-4) - 130/(-4). What is the highest common divisor of x and a?
8
Suppose 2944 = -94*o + 110*o. Calculate the highest common divisor of 12 and o.
4
Suppose 30*y + 14850 = 52*y. Calculate the greatest common factor of y and 60.
15
Let o(q) = -q**3 + 10*q**2 - 8*q + 3. Let h be o(9). Let i be (4/(-5))/(3/(-15)). What is the greatest common divisor of h and i?
4
Suppose b - 473 - 595 = 0. Calculate the highest common divisor of 12 and b.
12
Suppose -6*h = 25 - 133. Calculate the greatest common factor of h and 102.
6
Let h = -104 + 110. Suppose 0 = -5*s + h*p - p - 5, 0 = 4*s - 2*p - 2. Calculate the greatest common divisor of s and 26.
2
Let u be 1 - -3 - 1 - -65. What is the greatest common factor of 17 and u?
17
Let s(u) = -11*u - 63. Let b be s(-14). What is the greatest common factor of 13 and b?
13
Let d(l) = -9*l - 48. Let a be d(-7). Suppose -6 = -3*j - 0*j. Suppose 2*q + p = j*p + 1, 25 = 5*p. Calculate the greatest common divisor of q and a.
3
Let d be (2*84/(-30))/(6/(-690)). What is the highest common divisor of 28 and d?
28
Suppose -2*z + 3*x = -11, 29*z - 26*z - 13 = x. Calculate the highest common factor of z and 44.
4
Suppose 0 = -4*g + 3*j + 1272, 8*g = 11*g + j - 941. What is the greatest common divisor of g and 70?
35
Let p = 1688 + -1646. Calculate the highest common factor of p and 399.
21
Suppose z + i - 2 = 0, 5 = 2*z - 0*z + i. Suppose 4*n = r - 35, 4*r = 4*n - 7*n - 12. Let p be (6/n)/((-9)/216). What is the highest common factor of z and p?
3
Suppose 2*d = 29 + 13. Let z be (28/112)/(1/964). Let b = z - 178. What is the highest common divisor of b and d?
21
Let k be 860/110 + 2/11. Suppose -57*l + 66*l = 180. Calculate the highest common factor of k and l.
4
Let b be ((-53)/2 - 2)*(-1480)/111. Calculate the highest common divisor of b and 57.
19
Suppose 5*s - 35 = -f, -s - 6 = -3*s - 2*f. Let q be s/14 + (-356)/(-14). Calculate the greatest common factor of 65 and q.
13
Let r = 407 - -732. What is the highest common factor of 134 and r?
67
Suppose 2*c = -2, -3*h = -5*c + 4*c + 38. Let i = -12 - h. Let j be (-5)/(-2)*14/i. What is the greatest common factor of 7 and j?
7
Let q = 148 + -237. Let y = q + 90. What is the highest common divisor of 7 and y?
1
Let p = -13 + 7. Let h be 2/(-12)*-4*(-9)/p. Calculate the highest common factor of h and 7.
1
Suppose -r = m - 58, 0*r - 73 = -m - 4*r. Let k = 701 - 277. What is the highest common divisor of m and k?
53
Suppose 5*m - 5*f - 145 + 0 = 0, -4*f + 46 = 2*m. Let n = 34 - m. What is the greatest common divisor of 77 and n?
7
Let q(d) = -54*d**3 - 3*d**2 - d. Let m be q(-1). What is the highest common factor of 65 and m?
13
Suppose 0 = 4*n, -245*o + 249*o - 4*n - 16 = 0. Let i(x) = -x**2 + 8*x + 4. Let v be i(8). Calculate the highest common divisor of o and v.
4
Let k(l) = l + 12. Let b(c) = c + 1. Let i(x) = -2*b(x) - k(x). Let j be i(-5). What is the highest common factor of 5 and j?
1
Suppose c = 3*y + 192, -5*c - 4*y + 908 = -6*y. What is the highest common divisor of 20 and c?
20
Let m = 133 - 147. Let k be (-868)/m + -2 + 0. Calculate the greatest common factor of 150 and k.
30
Let a = 76 + -57. Suppose 5*p - 17 = -r, 3*p - a = -2*p - 2*r. Calculate the greatest common divisor of 9 and p.
3
Let p be 3 + -14 + 7 - -115. Calculate the highest common divisor of 185 and p.
37
Suppose -b + 34 = 5*p + 2, 5*b - 118 = -4*p. Let a(i) = 13*i**2 - i + 1. Let m be a(-2). What is the highest common divisor of b and m?
11
Suppose 170 = 3*p + 2*j, -2*p + 3*j + 107 = 11. Calculate the greatest common divisor of 252 and p.
18
Let i(m) be the second derivative of m**4/12 + 10*m**3/3 - 53*m**2/2 + 33*m. Let w be i(-23). Calculate the highest common factor of w and 48.
16
Let y = 21 + -12. Suppose 0 = 2*n + 50 + 140. Let v = n + 167. Calculate the highest common divisor of v and y.
9
Let f be (-8)/((-2 + 3)/(-10)). What is the greatest common divisor of 90 and f?
10
Let n(k) = 17*k**2 + 18*k - 9. Let u be n(5). What is the highest common divisor of 23 and u?
23
Let h(o) = -o - 1. Let z(v) = -3*v - 33. Let n(f) = 2*h(f) - z(f). Let c be n(5). Calculate the greatest common divisor of 90 and c.
18
Let s(p) = p + 1. Let d(v) = v**2 - 5*v - 9. Let w(t) = -d(t) + 4*s(t). Let g be w(9). What is the highest common factor of g and 13?
13
Let x = -24 + 164. Let s = -10 - 26. Let i = 50 + s. What is the highest common factor of i and x?
14
Suppose -k + 2 = -2*f, 2*f = -12 + 22. What is the highest common factor of k and 54?
6
Suppose 0 = 4*v + 173 - 689. Let g(u) = u**3 - 10*u**2 - 6*u + 18. Let b be g(11). Let i = v - b. What is the greatest common factor of i and 8?
8
Suppose 8295 = 13*w + 1379. What is the highest common factor of w and 28?
28
Let m(l) = -l**2 + 13*l - 30. Let t be m(8). What is the greatest common divisor of t and 40?
10
Let z = 4486 + -2790. Calculate the greatest common divisor of z and 64.
32
Suppose -4*g = -21*g + 1054. What is the greatest common divisor of g and 186?
62
Suppose -5*z + 4*j = j - 99, -33 = -2*z - j. Suppose -168 = 14*g - z*g. Calculate the highest common factor of g and 7.
7
Let v be 45/((160/12)/8). Suppose -838 = -5*t - 163. What is the highest common divisor of v and t?
27
Let g(d) = -17*d - 123. Let q be g(-8). Suppose 2*i + 4*a - 107 = 503, -611 = -2*i - 3*a. Let y = i - 203. What is the highest common divisor of y and q?
13
Suppose -2*w - 89 = 45. Let k = w + 44. Let d = k - -37. Calculate the highest common divisor of 7 and d.
7
Let u = 662 - 660. Let y be (-3)/(-2)*(-48)/(-9). Calculate the highest common factor of u and y.
2
Let h(p) = 3*p**2 - p + 2. Let q be h(3). Suppose -34 - q = -2*y. What is the greatest common factor of 45 and y?
15
Let g(d) = -68*d + 44. Let w be g(-2). What is the greatest common factor of w and 108?
36
Let p be (-1 + 0)*4*3. Let q = p + 25. Suppose -48124*x - 182 = -48138*x. Calculate the greatest common divisor of x and q.
13
Let x = 344 + 106. Calculate the greatest common divisor of x and 270.
90
Suppose 2*y - 266 = -5*j, 0 = y + y + 2*j - 260. Calculate the greatest common divisor of 16 and y.
16
Let h = 34 + -32. Let x be (40/(-30))/(h/(-12)). What is the highest common divisor of x and 8?
8
Let x be (1 + 45)*(-1)/(-1). Let h = 8 - -107. Calculate the greatest common divisor of x and h.
23
Suppose 55*k - 4*k - 1989 = 0. Calculate the greatest common divisor of 143 and k.
13
Let q(r) be the second derivative of r**4/6 + 7*r**3/6 - 5*r**2 - 2*r. Let n be q(-5). Calculate the greatest common factor of 2 and n.
1
Let b(s) = 40*s + 428. Let h be b(-9). Calculate the highest common divisor of 2652 and h.
68
Let b = 593 - 553. Calculate the greatest common factor of 420 and b.
20
Let i(r) = 5*r**2 - 14*r - 21. Let y be i(-6). What is the greatest common divisor of y and 18?
9
Let l(t) = -19*t + 3. Let y be l(-3). Let n be 1/((-117)/y - -2). What is the greatest common divisor of 8 and n?
4
Suppose 0 = -21*a + 8*a + 3432. Calculate the greatest common factor of 33 and a.
33
Let i = 98 + 910. What is the highest common divisor of 63 and i?
63
Suppose 0 = 33*n - 39*n + 1704. Suppose 4*c + 4*z = n, -c + 2*z + 0*z + 56 = 0. Calculate the highest common factor of 6 and c.
6
Let t(h) = -h + 37. Let s be t(29). What is the greatest common factor of s and 328?
8
Suppose 0 = 4*c + 5*f -